
-7
Let s(b) = -3*b**2 - 13*b + 6. Let g = 4263 - 4270. Determine s(g).
-50
Suppose 326*z + 36 = 335*z. Let o(g) = 7*g + 7. Give o(z).
35
Let j(q) be the third derivative of -q**5/10 + q**4/4 - q**3/3 + 663*q**2. Calculate j(-3).
-74
Suppose i = -3*l + 2, 0*l = -l - 1. Let u be 1/((-11)/(-220)) - -10. Suppose 0 = -i*t + u + 5. Let j(v) = v - 8. Give j(t).
-1
Let g(m) = -m**3 + 6*m**2 - 7*m + 4. Let p(n) = 34*n + 76. Let s be p(-2). Suppose -9 = -3*w + 3*z, -4*w + s = -z - 7. Give g(w).
8
Let u(d) = -2*d**2 - 9*d + 22. Let v(w) = -3*w**2 - 12*w + 34. Let q(s) = 7*u(s) - 5*v(s). Calculate q(7).
12
Let t(x) be the third derivative of x**4/24 - x**3/3 + 13*x**2. Let u be t(9). Let r(l) be the first derivative of l**3/3 - 7*l**2/2 + 9*l - 4. What is r(u)?
9
Let g(l) = -l - 3. Let a = -7667 + 7648. Determine g(a).
16
Let r(b) = -4*b**3 - 265*b**2 - 67*b - 47. Let l be r(-66). Let f(y) = y**3 - 19*y**2 - 4*y + 81. What is f(l)?
5
Suppose -2*d + 6*d = -6*d. Let l(r) be the third derivative of -r**6/120 - r**5/60 - r**3/6 - 51*r**2. Calculate l(d).
-1
Let f(r) be the second derivative of -13/6*r**3 + 1/12*r**4 + 107*r + 0 + 15/2*r**2. Calculate f(13).
15
Suppose 0 = -79*h + 69*h + 2340. Let r = h + -236. Let s(q) be the third derivative of -q**5/20 - q**4/12 + 2*q**2. Calculate s(r).
-8
Let q(x) be the third derivative of -x**6/720 + 3*x**5/20 - x**4/6 - 10*x**3/3 - 16*x**2. Let v(k) be the second derivative of q(k). Calculate v(9).
9
Let v(o) = 2*o**2 + 13*o - 14. Let a = -8095 - -8099. Give v(a).
70
Let r(j) = -5*j**3 + 20*j**2 - 7*j - 23. Let p(q) = 6*q**3 - 23*q**2 + 7*q + 25. Let g(m) = 6*p(m) + 7*r(m). Determine g(-6).
-113
Suppose 5*d + 3*f - 17 = 0, 6*d - 4*d - 13 = 5*f. Let c(v) = -v**3 + 0 + 5 - 2 - 6*v + d - 7*v**2. What is c(-5)?
-13
Suppose 2*d - 6*p + 110 = -2*p, -d = 2*p + 39. Let g = d - -47. Let v(s) = -3 + 13 + 2*s - 1 + g*s. What is v(-9)?
-9
Let t = 1 - 12. Let r = 23 + t. Let m(d) = r + 2*d - 3*d - 7. What is m(-6)?
11
Let n(w) be the first derivative of -w**4/4 + 16*w**3 - 23*w**2 - 47*w + 886. Calculate n(47).
0
Let l(r) be the first derivative of -9*r**2/2 - 10*r + 12522. What is l(4)?
-46
Suppose 0 = -137*r - 15*r + 152. Let a(n) = -6*n**3 + n**2 - 6*n + 6. What is a(r)?
-5
Let s(h) = -1068 - 1001 + 2080 + 4*h - h**2. What is s(5)?
6
Let w(y) = -2*y**2 - 12*y - 8. Let k be (2 + (-7)/((-196)/(-104)))*7/2. Calculate w(k).
-8
Let y(n) = -n**3 + 15*n**2 - 16*n + 22. Let c be y(14). Let h(g) be the second derivative of -g**4/12 - 7*g**3/6 - 3*g**2 - 1063*g. What is h(c)?
0
Let r(j) = -j - 9. Let z be r(-4). Let n(t) = t**2 - 6 + 2022*t - 2017*t + 3. Calculate n(z).
-3
Let l(b) be the first derivative of b**2 + 4*b + 1808. Let r = -153 + 143. Determine l(r).
-16
Suppose -4*q - 2*y - 2*y = -24, -3 = 2*q + 5*y. Let o = q - 17. Let v(m) = 20*m - 23. Let i(a) = -7*a + 8. Let p(k) = o*v(k) - 17*i(k). What is p(2)?
0
Let r = 195 + -405. Let b be (-6)/(81/r - 4/(-14)). Let k = b - 66. Let a(o) = o**3 + 6*o**2 + o - 6. Give a(k).
-12
Let a(x) = 40*x**3 - 2 + 5*x - 9*x**2 - 23*x**3 - 16*x**3. Give a(9).
43
Let l(s) = 4*s - 2. Let w(r) = 23*r - 11. Let z be (5 - 11) + (5 - 2) + -3. Let f(g) = z*w(g) + 34*l(g). What is f(-3)?
4
Let g(j) be the first derivative of -74 - 3*j + 7/2*j**2 - 2*j**3 + 1/4*j**4. What is g(5)?
7
Let n(u) = -u**3 - 6*u**2 + 7*u + 1. Let i = 19 + -47. Let t = i + 46. Let d = t - 25. Determine n(d).
1
Let z(x) = -6*x - 7. Let i = -74 - -74. What is z(i)?
-7
Let w(g) = -2 - 7 + g + 1 - 1. Suppose -30*f - 72 = 48. Let b(x) = -2*x + 16. Let k(u) = f*b(u) - 7*w(u). What is k(5)?
4
Let v(j) = -6*j**2 - j + 12. Let h(d) = d**2 - d - 7. Let z(y) = -7*h(y) - v(y). What is z(-3)?
4
Let x(l) = -l**3 + 6*l**2 - 4*l - 3. Let w(z) = -1. Let n(y) = 4*w(y) + x(y). Let d be (6/(-15))/((-10)/11500). Let m = -455 + d. Determine n(m).
-2
Let l be (102/8)/((-14)/8 + 1). Let v(b) = 2*b + 38. Calculate v(l).
4
Let c(n) be the third derivative of -1 + 5/6*n**3 + 1/4*n**4 + 0*n + 12*n**2. Determine c(0).
5
Let o(g) = -240*g - 84. Let p(u) = -91*u - 32. Let v(t) = -8*o(t) + 21*p(t). Suppose 4*x = -0 + 4. Give v(x).
9
Suppose 0 = 816*i - 776*i - 400. Let z(n) = n**2 - 3*n - 4. Determine z(i).
66
Let l(q) be the third derivative of -5*q**4/4 + 14*q**3/3 + 3*q**2 - 23*q + 5. Calculate l(2).
-32
Let z(x) = -3*x + 2. Let k = -147 + 243. Let v be k/28 + (-24)/56. Give z(v).
-7
Let j(k) = -k**3 - 5*k**2 - 3*k + 4. Suppose 4*m - 2*q = 768 - 86, 0 = -2*m + 2*q + 342. Let i be m/(-4) - 2/4. Let l = i + 40. Calculate j(l).
-5
Let v(n) = 4*n**3 - 3*n**2 + 4*n - 3. Let p(r) = -r**3 - r**2 - 15. Let g be p(-3). Suppose -2*u + 2*w = g*w, 4*w = -2*u - 12. Calculate v(u).
25
Let s(y) = 96 - 116 - 60*y**2 - 24*y + 59*y**2. Give s(-23).
3
Let a(o) = -2 + o**3 - 24 + 6*o**2 + 173399*o - 173402*o. Calculate a(-4).
18
Let v(i) = -i**3 + 13*i**2 - 22*i + 2. Let x be v(11). Suppose -5*f - 24*b + 21*b = -50, -x*b = 4*f - 38. Let o(n) = -n**3 + 6*n**2 + 7. Calculate o(f).
-42
Let w(u) be the second derivative of -u**5/20 + u**4/4 - u**3/3 + 3*u**2/2 - 3700*u. Let p be (2/5)/((-3)/(-30)). Calculate w(p).
-21
Let m(g) = 2*g + 21. Let a be m(-7). Let h(b) be the second derivative of b**5/20 - 2*b**4/3 + b**3 + 9*b**2/2 - 162*b. Determine h(a).
2
Let p(f) be the second derivative of -14*f**3/3 + 70*f**2 - 883*f + 6. Calculate p(5).
0
Let k(l) = l + 1. Let a(x) = -x**3 - 42*x**2 - 2*x + 18. Let g be a(-42). Suppose -g*j = -92*j + 110. Calculate k(j).
-10
Let y(c) = -11 + c**3 - 122216*c**2 + 61103*c**2 + 61104*c**2. Let u = -5 + 14. Give y(u).
-11
Let b = -707 - -1126. Let u = b - 265. Let s(v) = 150*v + 7 + 3*v**2 - u*v - 4*v**2. What is s(-5)?
2
Let v(z) = -18*z - 17*z + 215 + 67*z - 8*z. What is v(-9)?
-1
Let o(j) = j**2 - 2170 + 1088 - 93*j + 1089 + 98*j. Let i = -4 - 2. What is o(i)?
13
Let c(v) = -v - 12. Suppose -j + 11 = 5*n, -5*j - 5*n = -7 - 8. Let x be ((j - 0)*-7)/(8/(-16)). Let i(d) = 2*d - 28. Let t be i(x). Determine c(t).
-12
Let w(n) = 12*n - 59. Let z(d) = -20*d + 117. Let f(a) = -7*w(a) - 4*z(a). Determine f(-12).
-7
Let n(q) = q**2 + q - 35. Let y = -2546 - -2546. Give n(y).
-35
Let r(k) be the second derivative of k**2 - 1/12*k**4 - k + 0*k**3 + 31. Determine r(-5).
-23
Suppose 0 = 2*w - 16*w + 42. Let q(t) = t**3 + 4*t**2 + 10*t + 4. Let v(r) = -r**3 - 3*r**2 - 7*r - 4. Let y(s) = w*v(s) + 2*q(s). Give y(-2).
2
Let o(m) be the third derivative of 5*m**2 - 1/12*m**4 + 0*m + 0 - 5/6*m**3. What is o(0)?
-5
Let l(y) = -158*y - 1261. Let a be l(-8). Let t(m) = -6*m + 5. Let k(q) = 8*q - 5. Let j(i) = -6*k(i) - 7*t(i). Determine j(a).
-23
Let a(w) = w**3 - 5*w**2 - 11*w + 32. Let h be a(6). Let p(s) = -3*s**3 + 5*s**h - 25*s + 28*s - 2 + 5*s**3. Give p(-2).
-4
Let w(o) = -o**2 + 8*o - 8. Let u be w(7). Let m(d) be the first derivative of d**3/3 - 539. Let l(p) = -p. Let i(n) = u*m(n) - 2*l(n). What is i(-2)?
-8
Suppose 3*o - 7*o + 8 = 2*r, 5*r - 2*o = 20. Let t(m) = -r + 12*m**2 - 27*m**2 + 18*m**2 + 2. Give t(2).
10
Let w(v) = v**2 + 11*v + 9. Let i(j) = 10*j - 9*j + 46 - 2*j**2 - 2*j**2 + 5*j**2 + j**3. Let z be i(0). Let y be (-12)/((-1)/7 - z/(-28)). Calculate w(y).
-15
Let u(s) = 3*s**2 + 5*s - 14. Let n = 4749 - 4747. Give u(n).
8
Let t(p) = 26 - 143*p**3 + p + 144*p**3 - 1. Suppose -9 - 23 = 8*d. Let i(j) = j**2 + 4*j. Let n be i(d). What is t(n)?
25
Let v(w) be the third derivative of w**5/60 + w**4/24 - 13*w**3/3 + 52*w**2. Let q be v(-6). Let b(t) = -2*t + 1. What is b(q)?
-7
Let o(q) = -34*q**3 + q**2 - 1. Suppose -107*t = 141 - 34. What is o(t)?
34
Suppose -1624 = -88*j - 318*j. Let h(r) be the third derivative of 1/8*r**j - 3*r**2 + 3/2*r**3 + 0*r + 0. Determine h(-6).
-9
Let x(v) = 3*v - 46. Suppose -n + 1 = -j, 43*j - 44*j - 2*n = -17. Determine x(j).
-31
Let u(t) = -6*t + 9. Suppose 77*n + 3 = 78*n. Let o be (n + -5)/((-16)/40). Determine u(o).
-21
Let j(v) = v**2 + 9. Let s be (-1144)/(-121) + (-6)/(-11). Suppose -2*o = -4*c + 16, s + 2 = -5*o + 3*c. What is j(o)?
9
Let m(t) = -3*t - 112. Let p(y) = -10. Let z(b) = m(b) - 6*p(b). Determine z(-16).
-4
Suppose -5*r + 284 - 306 = 3*g, -g + 6 = 0. Let p(l) = -l**2 - 8*l - 33. Calculate p(r).
-33
Let a(l) = 4*l**3 + 19*l**2 - 14*l - 3. Let f(c) = 11*c**3 + 56*c**2 - 43*c - 8. Let o(i) = -8*a(i) 